{"id":35,"date":"2018-08-07T09:26:49","date_gmt":"2018-08-07T09:26:49","guid":{"rendered":"https:\/\/lelegendairefestival.wordpress.com\/?page_id=35"},"modified":"2020-10-06T15:38:46","modified_gmt":"2020-10-06T13:38:46","slug":"agenda-2","status":"publish","type":"page","link":"https:\/\/lelegendaire.fr\/index.php\/agenda-2\/","title":{"rendered":"Agenda"},"content":{"rendered":"<p>[vc_row][vc_column][vc_wp_text title=\u00a0\u00bbProchaine \u00e9dition 2020 : du 20 octobre au 29 novembre \/\/ Les Rencontres du L\u00e9gendaire les 21 et 22 novembre\u00a0\u00bb][\/vc_wp_text][\/vc_column][\/vc_row][vc_row][vc_column][vc_separator color=\u00a0\u00bbcustom\u00a0\u00bb accent_color=\u00a0\u00bb#ce2f54&Prime;][\/vc_column][\/vc_row][vc_row][vc_column][vc_tta_tour][vc_tta_section title=\u00a0\u00bb\u00e9dition 2020&Prime; tab_id=\u00a0\u00bb1561632608542-e06ba113-b531&Prime;][vc_column_text]<\/p>\n<p style=\"text-align: center;\">Prenez dates <strong>du 20 octobre au 29 novembre 2020<\/strong>\u00a0en Eure-et-Loir !<br \/>\nLes Rencontres du L\u00e9gendaire, <strong>21 et 22 novembre 2020<\/strong> \u00e0 Chartres.<\/p>\n<p style=\"text-align: center;\">Partagez l&rsquo;agenda sur vos appareils connect\u00e9s\u2026<br \/>\net t\u00e9l\u00e9chargez le <a href=\"http:\/\/lelegendaire.fr\/wp-content\/uploads\/2020\/10\/20LEG-ProgrammeA5-planches_print.pdf\" target=\"_blank\" rel=\"noopener noreferrer\">programme en 1 clic !<\/a><\/p>\n<p>[\/vc_column_text][vc_raw_html]JTNDaWZyYW1lJTIwc3JjJTNEJTIyaHR0cHMlM0ElMkYlMkZjYWxlbmRhci5nb29nbGUuY29tJTJGY2FsZW5kYXIlMkZlbWJlZCUzRmhlaWdodCUzRDYwMCUyNmFtcCUzQndrc3QlM0QxJTI2YW1wJTNCYmdjb2xvciUzRCUyNTIzZmZmZmZmJTI2YW1wJTNCY3R6JTNERXVyb3BlJTI1MkZQYXJpcyUyNmFtcCUzQnNyYyUzRGJHVnNaV2RsYm1SaGFYSmxabVZ6ZEdsMllXeEFaMjFoYVd3dVkyOXQlMjZhbXAlM0JzcmMlM0RZV05xWWpKcWRUSm1NVGh4WTJsalltSXpZV3hqZGpKdmNHZEFaM0p2ZFhBdVkyRnNaVzVrWVhJdVoyOXZaMnhsTG1OdmJRJTI2YW1wJTNCc3JjJTNEZFdjeGJXUTRNM0V5TW1KdWJuVjFNWFEyTXpSMlkyeDFNM05BWjNKdmRYQXVZMkZzWlc1a1lYSXVaMjl2WjJ4bExtTnZiUSUyNmFtcCUzQnNyYyUzRGEzUndjakl5TW1vd2N6UnNNRGhyYkRaMFpqZ3diV0YwWVc5QVozSnZkWEF1WTJGc1pXNWtZWEl1WjI5dloyeGxMbU52YlElMjZhbXAlM0JzcmMlM0RZVGt3YlRObmNUQnRjV0k1YVhabWNtODVjM1JuY1dGaFpHZEFaM0p2ZFhBdVkyRnNaVzVrWVhJdVoyOXZaMnhsTG1OdmJRJTI2YW1wJTNCc3JjJTNETURjNFoyd3lZV0UzWWpGd2FEYzRiMlp1Wm1rMWRHRnJjWE5BWjNKdmRYQXVZMkZzWlc1a1lYSXVaMjl2WjJ4bExtTnZiUSUyNmFtcCUzQnNyYyUzRFpUazNOR1J0WW5JMmREaHFaMjFvTVhWaFlYVnJObVkwTnpoQVozSnZkWEF1WTJGc1pXNWtZWEl1WjI5dloyeGxMbU52YlElMjZhbXAlM0JzcmMlM0ROREp3YVhOb01YUnphRFJzTW1Od2RqQmlPRGcwTVRCbmJHTkFaM0p2ZFhBdVkyRnNaVzVrWVhJdVoyOXZaMnhsTG1OdmJRJTI2YW1wJTNCc3JjJTNEY1d0bmRHeGlaV3MyZERKbllUYzVPWEEzTURSdU56TnBiSE5BWjNKdmRYQXVZMkZzWlc1a1lYSXVaMjl2WjJ4bExtTnZiUSUyNmFtcCUzQnNyYyUzRGREUTBkSE5oWlhBMGMzQnlPVFZ4TTNJek0zWnNaMjFrY2poQVozSnZkWEF1WTJGc1pXNWtZWEl1WjI5dloyeGxMbU52YlElMjZhbXAlM0JzcmMlM0RiRGx3Wkd4aVozSnhjMmhwWldWbk1HNWhOVEYwTVRkbE5YTkFaM0p2ZFhBdVkyRnNaVzVrWVhJdVoyOXZaMnhsTG1OdmJRJTI2YW1wJTNCc3JjJTNEWVdwaGNqQTNaM1owTXpSMWFuWXhaRGRrWVhCcVpqTm9PREJBWjNKdmRYQXVZMkZzWlc1a1lYSXVaMjl2WjJ4bExtTnZiUSUyNmFtcCUzQnNyYyUzRFpuSXVabkpsYm1Ob0kyaHZiR2xrWVhsQVozSnZkWEF1ZGk1allXeGxibVJoY2k1bmIyOW5iR1V1WTI5dCUyNmFtcCUzQmNvbG9yJTNEJTI1MjMwMzlCRTUlMjZhbXAlM0Jjb2xvciUzRCUyNTIzNjE2MTYxJTI2YW1wJTNCY29sb3IlM0QlMjUyM0IzOUREQiUyNmFtcCUzQmNvbG9yJTNEJTI1MjNGNkJGMjYlMjZhbXAlM0Jjb2xvciUzRCUyNTIzNDI4NUY0JTI2YW1wJTNCY29sb3IlM0QlMjUyMzhFMjRBQSUyNmFtcCUzQmNvbG9yJTNEJTI1MjM2MTYxNjElMjZhbXAlM0Jjb2xvciUzRCUyNTIzRjA5MzAwJTI2YW1wJTNCY29sb3IlM0QlMjUyM0Q1MDAwMCUyNmFtcCUzQmNvbG9yJTNEJTI1MjNFNjdDNzMlMjZhbXAlM0Jjb2xvciUzRCUyNTIzNzk4NkNCJTI2YW1wJTNCY29sb3IlM0QlMjUyM0E3OUI4RSUyNmFtcCUzQmNvbG9yJTNEJTI1MjNBNzlCOEUlMjIlMjBzdHlsZSUzRCUyMmJvcmRlci13aWR0aCUzQTAlMjIlMjB3aWR0aCUzRCUyMjgwMCUyMiUyMGhlaWdodCUzRCUyMjYwMCUyMiUyMGZyYW1lYm9yZGVyJTNEJTIyMCUyMiUyMHNjcm9sbGluZyUzRCUyMm5vJTIyJTNFJTNDJTJGaWZyYW1lJTNF[\/vc_raw_html][\/vc_tta_section][vc_tta_section title=\u00a0\u00bb\u00e9dition 2019&Prime; tab_id=\u00a0\u00bb1593182403446-24c3909d-7b0e\u00a0\u00bb][vc_wp_text]Du 11\/10 au 30\/11\/2019<\/p>\n<p class=\"p1\">Un festival de contes et l\u00e9gendes dans 16 communes de l\u2019Eure-et-Loir. 78 repr\u00e9sentations dont 45 tout public et 33 pour les scolaires et autres publics sp\u00e9cifiques.<\/p>\n<p class=\"p1\">Un salon du livre conjuguant \u201c Patrimoine &amp; Imaginaire \u201d, des d\u00e9dicaces et des rencontres, des ateliers artistiques, des expositions, une librairie itin\u00e9rante\u2026 Dans les villages et les quartiers, les biblioth\u00e8ques, les salles des f\u00eates, un foyer d\u2019accueil, une cath\u00e9drale, une prison.<\/p>\n<p class=\"p1\">Pour que l\u2019eau vive des paroles l\u00e9gendaires puis\u00e9e dans la nuit des temps, sur tous les continents, irrigue le coeur de chacun et fasse dialoguer les civilisations. Pour que fleurissent la sagesse, le r\u00eave et le rire. Pour conter et raconter sans cesse la geste des h\u00e9ros et des h\u00e9ro\u00efnes qui nous inspirent. Afin de ne pas oublier ce qui \u00ab conte \u00bb vraiment.<\/p>\n<p>[\/vc_wp_text][vc_btn title=\u00a0\u00bbProgramme d\u00e9taill\u00e9 2019&Prime; color=\u00a0\u00bbpink\u00a0\u00bb link=\u00a0\u00bburl:http%3A%2F%2Flelegendaire.fr%2Fwp-content%2Fuploads%2F2020%2F01%2FLeLegendaire_ProgrammePlanche-web.pdf||target:%20_blank|\u00a0\u00bb][\/vc_tta_section][vc_tta_section title=\u00a0\u00bb\u00e9dition 2018&Prime; tab_id=\u00a0\u00bb1561632608555-b97f104c-ad13&Prime;][vc_column_text]Du 13\/10 au 30\/11\/2018<\/p>\n<p class=\"p1\">Un festival de contes et l\u00e9gendes dans 15 communes de l\u2019Eure-et-Loir, 70 repr\u00e9sentations dont 37 tout public et 33 pour les scolaires et autres publics sp\u00e9cifiques.<\/p>\n<p class=\"p1\">Un salon du livre conjuguant \u201cPatrimoine &amp; Imaginaire\u201d, des d\u00e9dicaces et des rencontres, des ateliers artistiques et r\u00e9sidences de cr\u00e9ation, des expositions, une librairie itin\u00e9rante\u2026<\/p>\n<p class=\"p1\">Dans les villages et les quartiers, les biblioth\u00e8ques, les salles des f\u00eates, les foyers d&rsquo;accueil, une prison et aussi un ch\u00e2teau.<\/p>\n<p class=\"p1\">Pour que l\u2019eau vive des paroles l\u00e9gendaires puis\u00e9e dans la nuit des temps, sur tous les continents, irrigue le coeur de chacun et fasse dialoguer les civilisations. Pour que fleurissent la sagesse, le r\u00eave et le rire. Pour conter et raconter sans cesse la geste des h\u00e9ros et des h\u00e9ro\u00efnes qui nous inspirent. Afin de ne pas oublier ce qui \u00ab conte \u00bb vraiment.<\/p>\n<p>[\/vc_column_text][vc_btn title=\u00a0\u00bbProgramme d\u00e9taill\u00e9 2018&Prime; color=\u00a0\u00bbdanger\u00a0\u00bb link=\u00a0\u00bburl:http%3A%2F%2Flelegendaire.fr%2Fwp-content%2Fuploads%2F2018%2F09%2Fprog-leg18-web.pdf||target:%20_blank|\u00a0\u00bb][\/vc_tta_section][vc_tta_section title=\u00a0\u00bb\u00e9dition 2017&Prime; tab_id=\u00a0\u00bb1561632652914-a6917121-403e\u00a0\u00bb][vc_column_text]Du 14\/10 au 26\/11\/2017<\/p>\n<p class=\"p1\">Un festival de contes et l\u00e9gendes dans 15 communes de l\u2019Eure-et-Loir, 60 repr\u00e9sentations dont 28 tout public et 32 pour les scolaires, les centres de loisirs et les d\u00e9tenus.<\/p>\n<p class=\"p1\">Un salon du livre conjuguant \u201cPatrimoine &amp; Imaginaire\u201d, des d\u00e9dicaces et des rencontres, des ateliers artistiques et r\u00e9sidences de cr\u00e9ation, des expositions, une librairie itin\u00e9rante\u2026<\/p>\n<p class=\"p1\">Dans les villages et les quartiers, les biblioth\u00e8ques, les salles des f\u00eates et aussi un ch\u00e2teau, un beffroi, un mus\u00e9e sans oublier une prison.<\/p>\n<p class=\"p1\">Pour que l\u2019eau vive des paroles l\u00e9gendaires puis\u00e9e dans la nuit des temps, sur tous les continents, irrigue le coeur de chacun et fasse dialoguer les civilisations. Pour que fleurissent la sagesse, le r\u00eave et le rire. Pour conter et raconter sans cesse les jeux d\u2019ombre et de lumi\u00e8re la geste des h\u00e9ros et des h\u00e9ro\u00efnes qui nous inspirent. Afin de ne pas oublier ce qui \u00ab conte \u00bb vraiment.<\/p>\n<p>[\/vc_column_text][vc_btn title=\u00a0\u00bbProgramme d\u00e9taill\u00e9 2017&Prime; color=\u00a0\u00bbpink\u00a0\u00bb link=\u00a0\u00bburl:http%3A%2F%2Flelegendaire.fr%2Fwp-content%2Fuploads%2F2019%2F06%2F2017-LeLegendaire-PROGRAMME.pdf||target:%20_blank|\u00a0\u00bb][\/vc_tta_section][\/vc_tta_tour][\/vc_column][\/vc_row][vc_row][vc_column][vc_separator color=\u00a0\u00bbcustom\u00a0\u00bb accent_color=\u00a0\u00bb#ce2f54&Prime;][\/vc_column][\/vc_row][vc_row][vc_column][vc_masonry_grid post_type=\u00a0\u00bbpost\u00a0\u00bb max_items=\u00a0\u00bb30&Prime; style=\u00a0\u00bbload-more\u00a0\u00bb items_per_page=\u00a0\u00bb30&Prime; btn_color=\u00a0\u00bbdefault\u00a0\u00bb grid_id=\u00a0\u00bbvc_gid:1601991474001-6d6589b3-e76e-10&Prime; taxonomies=\u00a0\u00bb8&Prime;][\/vc_column][\/vc_row]<\/p>\n","protected":false},"excerpt":{"rendered":"<p>[vc_row][vc_column][vc_wp_text title=\u00a0\u00bbProchaine \u00e9dition 2020 : du 20 octobre au 29 novembre \/\/ Les Rencontres du L\u00e9gendaire les 21 et 22 novembre\u00a0\u00bb][\/vc_wp_text][\/vc_column][\/vc_row][vc_row][vc_column][vc_separator color=\u00a0\u00bbcustom\u00a0\u00bb accent_color=\u00a0\u00bb#ce2f54&Prime;][\/vc_column][\/vc_row][vc_row][vc_column][vc_tta_tour][vc_tta_section title=\u00a0\u00bb\u00e9dition 2020&Prime; tab_id=\u00a0\u00bb1561632608542-e06ba113-b531&Prime;][vc_column_text] Prenez dates du 20 octobre au 29 novembre 2020\u00a0en Eure-et-Loir ! Les Rencontres du L\u00e9gendaire, 21 et 22 novembre 2020 \u00e0 Chartres. Partagez l&rsquo;agenda sur vos appareils connect\u00e9s\u2026 et t\u00e9l\u00e9chargez le programme en 1 clic ! [\/vc_column_text][vc_raw_html]JTNDaWZyYW1lJTIwc3JjJTNEJTIyaHR0cHMlM0ElMkYlMkZjYWxlbmRhci5nb29nbGUuY29tJTJGY2FsZW5kYXIlMkZlbWJlZCUzRmhlaWdodCUzRDYwMCUyNmFtcCUzQndrc3QlM0QxJTI2YW1wJTNCYmdjb2xvciUzRCUyNTIzZmZmZmZmJTI2YW1wJTNCY3R6JTNERXVyb3BlJTI1MkZQYXJpcyUyNmFtcCUzQnNyYyUzRGJHVnNaV2RsYm1SaGFYSmxabVZ6ZEdsMllXeEFaMjFoYVd3dVkyOXQlMjZhbXAlM0JzcmMlM0RZV05xWWpKcWRUSm1NVGh4WTJsalltSXpZV3hqZGpKdmNHZEFaM0p2ZFhBdVkyRnNaVzVrWVhJdVoyOXZaMnhsTG1OdmJRJTI2YW1wJTNCc3JjJTNEZFdjeGJXUTRNM0V5TW1KdWJuVjFNWFEyTXpSMlkyeDFNM05BWjNKdmRYQXVZMkZzWlc1a1lYSXVaMjl2WjJ4bExtTnZiUSUyNmFtcCUzQnNyYyUzRGEzUndjakl5TW1vd2N6UnNNRGhyYkRaMFpqZ3diV0YwWVc5QVozSnZkWEF1WTJGc1pXNWtZWEl1WjI5dloyeGxMbU52YlElMjZhbXAlM0JzcmMlM0RZVGt3YlRObmNUQnRjV0k1YVhabWNtODVjM1JuY1dGaFpHZEFaM0p2ZFhBdVkyRnNaVzVrWVhJdVoyOXZaMnhsTG1OdmJRJTI2YW1wJTNCc3JjJTNETURjNFoyd3lZV0UzWWpGd2FEYzRiMlp1Wm1rMWRHRnJjWE5BWjNKdmRYQXVZMkZzWlc1a1lYSXVaMjl2WjJ4bExtTnZiUSUyNmFtcCUzQnNyYyUzRFpUazNOR1J0WW5JMmREaHFaMjFvTVhWaFlYVnJObVkwTnpoQVozSnZkWEF1WTJGc1pXNWtZWEl1WjI5dloyeGxMbU52YlElMjZhbXAlM0JzcmMlM0ROREp3YVhOb01YUnphRFJzTW1Od2RqQmlPRGcwTVRCbmJHTkFaM0p2ZFhBdVkyRnNaVzVrWVhJdVoyOXZaMnhsTG1OdmJRJTI2YW1wJTNCc3JjJTNEY1d0bmRHeGlaV3MyZERKbllUYzVPWEEzTURSdU56TnBiSE5BWjNKdmRYQXVZMkZzWlc1a1lYSXVaMjl2WjJ4bExtTnZiUSUyNmFtcCUzQnNyYyUzRGREUTBkSE5oWlhBMGMzQnlPVFZ4TTNJek0zWnNaMjFrY2poQVozSnZkWEF1WTJGc1pXNWtZWEl1WjI5dloyeGxMbU52YlElMjZhbXAlM0JzcmMlM0RiRGx3Wkd4aVozSnhjMmhwWldWbk1HNWhOVEYwTVRkbE5YTkFaM0p2ZFhBdVkyRnNaVzVrWVhJdVoyOXZaMnhsTG1OdmJRJTI2YW1wJTNCc3JjJTNEWVdwaGNqQTNaM1owTXpSMWFuWXhaRGRrWVhCcVpqTm9PREJBWjNKdmRYQXVZMkZzWlc1a1lYSXVaMjl2WjJ4bExtTnZiUSUyNmFtcCUzQnNyYyUzRFpuSXVabkpsYm1Ob0kyaHZiR2xrWVhsQVozSnZkWEF1ZGk1allXeGxibVJoY2k1bmIyOW5iR1V1WTI5dCUyNmFtcCUzQmNvbG9yJTNEJTI1MjMwMzlCRTUlMjZhbXAlM0Jjb2xvciUzRCUyNTIzNjE2MTYxJTI2YW1wJTNCY29sb3IlM0QlMjUyM0IzOUREQiUyNmFtcCUzQmNvbG9yJTNEJTI1MjNGNkJGMjYlMjZhbXAlM0Jjb2xvciUzRCUyNTIzNDI4NUY0JTI2YW1wJTNCY29sb3IlM0QlMjUyMzhFMjRBQSUyNmFtcCUzQmNvbG9yJTNEJTI1MjM2MTYxNjElMjZhbXAlM0Jjb2xvciUzRCUyNTIzRjA5MzAwJTI2YW1wJTNCY29sb3IlM0QlMjUyM0Q1MDAwMCUyNmFtcCUzQmNvbG9yJTNEJTI1MjNFNjdDNzMlMjZhbXAlM0Jjb2xvciUzRCUyNTIzNzk4NkNCJTI2YW1wJTNCY29sb3IlM0QlMjUyM0E3OUI4RSUyNmFtcCUzQmNvbG9yJTNEJTI1MjNBNzlCOEUlMjIlMjBzdHlsZSUzRCUyMmJvcmRlci13aWR0aCUzQTAlMjIlMjB3aWR0aCUzRCUyMjgwMCUyMiUyMGhlaWdodCUzRCUyMjYwMCUyMiUyMGZyYW1lYm9yZGVyJTNEJTIyMCUyMiUyMHNjcm9sbGluZyUzRCUyMm5vJTIyJTNFJTNDJTJGaWZyYW1lJTNF[\/vc_raw_html][\/vc_tta_section][vc_tta_section title=\u00a0\u00bb\u00e9dition 2019&Prime; tab_id=\u00a0\u00bb1593182403446-24c3909d-7b0e\u00a0\u00bb][vc_wp_text]Du 11\/10 au 30\/11\/2019 Un festival de contes et l\u00e9gendes dans 16 communes de l\u2019Eure-et-Loir. 78 repr\u00e9sentations dont 45 tout public et 33 pour les scolaires et autres publics sp\u00e9cifiques. Un salon du livre conjuguant \u201c Patrimoine &amp; Imaginaire \u201d, des d\u00e9dicaces et des rencontres, des ateliers artistiques, des expositions, une librairie itin\u00e9rante\u2026 Dans les villages et les quartiers, les biblioth\u00e8ques, les salles des f\u00eates, un foyer d\u2019accueil, une cath\u00e9drale, une prison. Pour que l\u2019eau vive des paroles l\u00e9gendaires puis\u00e9e dans la nuit des temps, sur tous les continents, irrigue le coeur de chacun et fasse dialoguer les civilisations. Pour que fleurissent la sagesse, le r\u00eave et le rire. Pour conter et raconter sans cesse la geste des h\u00e9ros et des h\u00e9ro\u00efnes qui nous inspirent. Afin de ne pas oublier ce qui \u00ab conte \u00bb vraiment. [\/vc_wp_text][vc_btn title=\u00a0\u00bbProgramme d\u00e9taill\u00e9 2019&Prime; color=\u00a0\u00bbpink\u00a0\u00bb link=\u00a0\u00bburl:http%3A%2F%2Flelegendaire.fr%2Fwp-content%2Fuploads%2F2020%2F01%2FLeLegendaire_ProgrammePlanche-web.pdf||target:%20_blank|\u00a0\u00bb][\/vc_tta_section][vc_tta_section title=\u00a0\u00bb\u00e9dition 2018&Prime; tab_id=\u00a0\u00bb1561632608555-b97f104c-ad13&Prime;][vc_column_text]Du 13\/10 au 30\/11\/2018 Un festival de contes et l\u00e9gendes dans 15 communes de l\u2019Eure-et-Loir, 70 repr\u00e9sentations dont 37 tout public et 33 pour les scolaires et autres publics sp\u00e9cifiques. Un salon du livre conjuguant \u201cPatrimoine &amp; Imaginaire\u201d, des d\u00e9dicaces et des rencontres, des ateliers artistiques et r\u00e9sidences de cr\u00e9ation, des expositions, une librairie itin\u00e9rante\u2026 Dans les villages et les quartiers, les biblioth\u00e8ques, les salles des f\u00eates, les foyers d&rsquo;accueil, une prison et aussi un ch\u00e2teau. Pour que l\u2019eau vive des paroles l\u00e9gendaires puis\u00e9e dans la nuit des temps, sur tous les continents, irrigue le coeur de chacun et fasse dialoguer les civilisations. Pour que fleurissent la sagesse, le r\u00eave et le rire. Pour conter et raconter sans cesse la geste des h\u00e9ros et des h\u00e9ro\u00efnes qui nous inspirent. Afin de ne pas oublier ce qui \u00ab conte \u00bb vraiment. [\/vc_column_text][vc_btn title=\u00a0\u00bbProgramme d\u00e9taill\u00e9 2018&Prime; color=\u00a0\u00bbdanger\u00a0\u00bb link=\u00a0\u00bburl:http%3A%2F%2Flelegendaire.fr%2Fwp-content%2Fuploads%2F2018%2F09%2Fprog-leg18-web.pdf||target:%20_blank|\u00a0\u00bb][\/vc_tta_section][vc_tta_section title=\u00a0\u00bb\u00e9dition 2017&Prime; tab_id=\u00a0\u00bb1561632652914-a6917121-403e\u00a0\u00bb][vc_column_text]Du 14\/10 au 26\/11\/2017 Un festival de contes et l\u00e9gendes dans 15 communes de l\u2019Eure-et-Loir, 60 repr\u00e9sentations dont 28 tout public et 32 pour les scolaires, les centres de loisirs et les d\u00e9tenus. Un salon du livre conjuguant \u201cPatrimoine &amp; Imaginaire\u201d, des d\u00e9dicaces et des rencontres, des ateliers artistiques et r\u00e9sidences de cr\u00e9ation, des expositions, une librairie itin\u00e9rante\u2026 Dans les villages et les quartiers, les biblioth\u00e8ques, les salles des f\u00eates et aussi un ch\u00e2teau, un beffroi, un mus\u00e9e sans oublier une prison. Pour que l\u2019eau vive des paroles l\u00e9gendaires puis\u00e9e dans la nuit des temps, sur tous les continents, irrigue le coeur de chacun et fasse dialoguer les civilisations. Pour que fleurissent la sagesse, le r\u00eave et le rire. Pour conter et raconter sans cesse les jeux d\u2019ombre et de lumi\u00e8re la geste des h\u00e9ros et des h\u00e9ro\u00efnes qui nous inspirent. Afin de ne pas oublier ce qui \u00ab conte \u00bb vraiment. [\/vc_column_text][vc_btn title=\u00a0\u00bbProgramme d\u00e9taill\u00e9 2017&Prime; color=\u00a0\u00bbpink\u00a0\u00bb link=\u00a0\u00bburl:http%3A%2F%2Flelegendaire.fr%2Fwp-content%2Fuploads%2F2019%2F06%2F2017-LeLegendaire-PROGRAMME.pdf||target:%20_blank|\u00a0\u00bb][\/vc_tta_section][\/vc_tta_tour][\/vc_column][\/vc_row][vc_row][vc_column][vc_separator color=\u00a0\u00bbcustom\u00a0\u00bb accent_color=\u00a0\u00bb#ce2f54&Prime;][\/vc_column][\/vc_row][vc_row][vc_column][vc_masonry_grid post_type=\u00a0\u00bbpost\u00a0\u00bb max_items=\u00a0\u00bb30&Prime; style=\u00a0\u00bbload-more\u00a0\u00bb items_per_page=\u00a0\u00bb30&Prime; btn_color=\u00a0\u00bbdefault\u00a0\u00bb grid_id=\u00a0\u00bbvc_gid:1601991474001-6d6589b3-e76e-10&Prime; taxonomies=\u00a0\u00bb8&Prime;][\/vc_column][\/vc_row]<\/p>\n","protected":false},"author":1,"featured_media":0,"parent":0,"menu_order":0,"comment_status":"closed","ping_status":"closed","template":"","meta":[],"_links":{"self":[{"href":"https:\/\/lelegendaire.fr\/index.php\/wp-json\/wp\/v2\/pages\/35"}],"collection":[{"href":"https:\/\/lelegendaire.fr\/index.php\/wp-json\/wp\/v2\/pages"}],"about":[{"href":"https:\/\/lelegendaire.fr\/index.php\/wp-json\/wp\/v2\/types\/page"}],"author":[{"embeddable":true,"href":"https:\/\/lelegendaire.fr\/index.php\/wp-json\/wp\/v2\/users\/1"}],"replies":[{"embeddable":true,"href":"https:\/\/lelegendaire.fr\/index.php\/wp-json\/wp\/v2\/comments?post=35"}],"version-history":[{"count":38,"href":"https:\/\/lelegendaire.fr\/index.php\/wp-json\/wp\/v2\/pages\/35\/revisions"}],"predecessor-version":[{"id":1910,"href":"https:\/\/lelegendaire.fr\/index.php\/wp-json\/wp\/v2\/pages\/35\/revisions\/1910"}],"wp:attachment":[{"href":"https:\/\/lelegendaire.fr\/index.php\/wp-json\/wp\/v2\/media?parent=35"}],"curies":[{"name":"wp","href":"https:\/\/api.w.org\/{rel}","templated":true}]}}